{"id":1677,"date":"2012-02-05T10:20:57","date_gmt":"2012-02-05T13:20:57","guid":{"rendered":"http:\/\/lu6dkt.com.ar\/?page_id=1677"},"modified":"2013-09-16T10:20:57","modified_gmt":"2013-09-16T13:20:57","slug":"festividades","status":"publish","type":"page","link":"https:\/\/www.lu6dkt.com.ar\/?page_id=1677","title":{"rendered":"Festividades"},"content":{"rendered":"<h2>TX desde Villa ventana en su 66\u00b0 Aniversario de su Fundaci\u00f3n para RC LU7DZV.<\/h2>\n<p style=\"text-align: center;\"><a href=\"https:\/\/www.lu6dkt.com.ar\/wp-content\/uploads\/2012\/02\/villa-66\u00b0.jpg\"><img loading=\"lazy\" class=\"size-medium wp-image-2800 aligncenter\" title=\"vista de dipolo  y vertical utilizada en la TX\" alt=\"villa 66\u00b0\" src=\"https:\/\/www.lu6dkt.com.ar\/wp-content\/uploads\/2012\/02\/villa-66\u00b0-300x168.jpg\" width=\"300\" height=\"168\" srcset=\"https:\/\/www.lu6dkt.com.ar\/wp-content\/uploads\/2012\/02\/villa-66\u00b0-300x168.jpg 300w, https:\/\/www.lu6dkt.com.ar\/wp-content\/uploads\/2012\/02\/villa-66\u00b0.jpg 960w\" sizes=\"(max-width: 300px) 100vw, 300px\" \/><\/a><\/p>\n<div id=\"attachment_2801\" style=\"width: 310px\" class=\"wp-caption aligncenter\"><a href=\"https:\/\/www.lu6dkt.com.ar\/wp-content\/uploads\/2012\/02\/joda-en-SFVILLA.jpg\"><img aria-describedby=\"caption-attachment-2801\" loading=\"lazy\" class=\"size-medium wp-image-2801 \" title=\"Actividad realizada en S. Fomento de Villa Ventana.\" alt=\"joda en SFVILLA\" src=\"https:\/\/www.lu6dkt.com.ar\/wp-content\/uploads\/2012\/02\/joda-en-SFVILLA-300x168.jpg\" width=\"300\" height=\"168\" srcset=\"https:\/\/www.lu6dkt.com.ar\/wp-content\/uploads\/2012\/02\/joda-en-SFVILLA-300x168.jpg 300w, https:\/\/www.lu6dkt.com.ar\/wp-content\/uploads\/2012\/02\/joda-en-SFVILLA.jpg 960w\" sizes=\"(max-width: 300px) 100vw, 300px\" \/><\/a><p id=\"caption-attachment-2801\" class=\"wp-caption-text\">Actividad realizada en Soc. Fomento de Villa Ventana. Esta Tx radial tiene valor para Diploma permanente de LU7DZV llamado \u00abANIVERSARIOS\u00bb (basesv en su pag. web lu7dzv.com.ar<\/p><\/div>\n<div id=\"attachment_2802\" style=\"width: 310px\" class=\"wp-caption aligncenter\"><a href=\"https:\/\/www.lu6dkt.com.ar\/wp-content\/uploads\/2012\/02\/eu-villa-66\u00b0-tx.jpg\"><img aria-describedby=\"caption-attachment-2802\" loading=\"lazy\" class=\"size-medium wp-image-2802 \" title=\"lu6dkt \" alt=\"eu villa 66\u00b0 tx\" src=\"https:\/\/www.lu6dkt.com.ar\/wp-content\/uploads\/2012\/02\/eu-villa-66\u00b0-tx-300x168.jpg\" width=\"300\" height=\"168\" srcset=\"https:\/\/www.lu6dkt.com.ar\/wp-content\/uploads\/2012\/02\/eu-villa-66\u00b0-tx-300x168.jpg 300w, https:\/\/www.lu6dkt.com.ar\/wp-content\/uploads\/2012\/02\/eu-villa-66\u00b0-tx.jpg 960w\" sizes=\"(max-width: 300px) 100vw, 300px\" \/><\/a><p id=\"caption-attachment-2802\" class=\"wp-caption-text\">Agradezco a Caba\u00f1as Loreley la posibilidad de esta TX.<\/p><\/div>\n<h2><span style=\"font-size: 13px;\">\u00a0<\/span><\/h2>\n<h2>Historia del\u00a0D\u00eda\u00a0de la TIERRA.<\/h2>\n<p>La primera manifestaci\u00f3n tuvo lugar el 22 de abril de\u00a0<a title=\"1970\" href=\"http:\/\/es.wikipedia.org\/wiki\/1970\">1970<\/a>, promovida por el senador y activista ambiental\u00a0<a title=\"Gaylord Nelson\" href=\"http:\/\/es.wikipedia.org\/wiki\/Gaylord_Nelson\">Gaylord Nelson<\/a>, para la creaci\u00f3n de una agencia ambiental. En esta convocatoria participaron dos mil\u00a0<a title=\"Universidad\" href=\"http:\/\/es.wikipedia.org\/wiki\/Universidad\">universidades<\/a>, diez mil escuelas primarias y secundarias y centenares de comunidades. La presi\u00f3n social tuvo sus logros y el gobierno de los\u00a0<a title=\"Estados Unidos\" href=\"http:\/\/es.wikipedia.org\/wiki\/Estados_Unidos\">Estados Unidos<\/a>\u00a0cre\u00f3 la Environmental Protection Agency (Agencia de Protecci\u00f3n Ambiental) y una serie de leyes destinada a la protecci\u00f3n del medio ambiente.<sup id=\"cite_ref-1\"><a href=\"http:\/\/es.wikipedia.org\/wiki\/D%C3%ADa_de_la_Tierra#cite_note-1\">1<\/a><\/sup><\/p>\n<p>En\u00a0<a title=\"1972\" href=\"http:\/\/es.wikipedia.org\/wiki\/1972\">1972<\/a>\u00a0se celebr\u00f3 la primera conferencia internacional sobre el medio ambiente: la\u00a0<a title=\"Cumbre de la Tierra de Estocolmo\" href=\"http:\/\/es.wikipedia.org\/wiki\/Cumbre_de_la_Tierra_de_Estocolmo\">Cumbre de la Tierra de Estocolmo<\/a>, cuyo objetivo fue sensibilizar a los l\u00edderes mundiales sobre la magnitud de los problemas ambientales.<\/p>\n<p>Las\u00a0<a title=\"Naciones Unidas\" href=\"http:\/\/es.wikipedia.org\/wiki\/Naciones_Unidas\">Naciones Unidas<\/a>\u00a0celebran el d\u00eda de la Tierra anualmente en el primer\u00a0<a title=\"Equinoccio\" href=\"http:\/\/es.wikipedia.org\/wiki\/Equinoccio\">equinoccio<\/a>\u00a0del a\u00f1o (alrededor del 21 de marzo). El 26 de febrero de<a title=\"1971\" href=\"http:\/\/es.wikipedia.org\/wiki\/1971\">1971<\/a>, el secretario general U Thant firm\u00f3 una proclamaci\u00f3n a ese efecto.<\/p>\n<p>&nbsp;<\/p>\n<h2><strong><em>20\u00ba Fiesta Provincial de la Golondrina:<\/em><\/strong><\/h2>\n<p><strong>Carta de la CD en agradecimiento a las colaboraciones recibidas y destaca nuestra LABOR!!<\/strong><\/p>\n<p>\u00bb La Asoc. de Fomento\u00a0 y Educacion\u00a0 Cultural\u00a0 y\u00a0 Fisica\u00a0 de Villa<br \/>\nVentana, agradece\u00a0 por\u00a0 este medio a todos\u00a0 aquellos que\u00a0 han<br \/>\ncolaborado\u00a0 para\u00a0 que\u00a0 nuestra\u00a0 Fiesta\u00a0 de\u00a0 la\u00a0 Golondrina\u00a0 fuera<br \/>\nun \u00e9xito\u00a0 total, no encontraremos nunca palabras para sostener<br \/>\ntanto cari\u00f1o., much\u00edsimas gracias.-<\/p>\n<p>&#8211;A nuestro Gobernador de la Pcia.\u00a0 de Bs. As. Daniel Scioli,<br \/>\npor el aporte de la Provincia.-<br \/>\n&#8211;A nuestro Intendente, Lic. Gustavo Trankels, sin\u00a0 su aporte<br \/>\nno hubiese sido posible esta fiesta.-<br \/>\n&#8211;Al Secretario de Turismo de la Pcia. de Bs.As. Sr.\u00a0 Ignacio<br \/>\nCrotto, por su gestion.-<br \/>\n&#8211;Al Sr. Secretario de Turismo Cultura y Deporte, de la Muni<br \/>\ncipalidad de Tornquist, Don Ruben Dario Testa por su cola<br \/>\nboracion y afecto.<br \/>\n&#8211;A nuestro Delegado, Sr. Alberto Bustriazo, y a\u00a0 todo su per<br \/>\nsonal por la enorme colaboracion recibida.-<br \/>\n&#8211;Al Sec. de Bromatologia y\u00a0 Zoonosis\u00a0 de\u00a0 la\u00a0 Municipalidad<br \/>\nde Tornquist, Dr.\u00a0 Luciano\u00a0 Fontanes, por la ayuda alcanza<br \/>\nda con su capacidad y experiencia.<br \/>\n&#8211;A los Delegados de las localidades vecinas que\u00a0 asistieron<br \/>\npara reconfortarnos con su presencia.<br \/>\n&#8211;Al Supermercado MAKRO, en la persona de su Gerente,Sr.<br \/>\nJorge Sager,\u00a0 por la donacion recibida.<br \/>\n&#8211;A las Instituciones de Villa Ventana que\u00a0 nos acompa\u00f1aron<br \/>\nen la Plaza Salerno. y dieron muestra de\u00a0 su entusiasmo\u00a0 y<br \/>\ncreatividad para consolidar esta fiesta.<br \/>\n&#8211;A los Sres. Caba\u00f1eros, a\u00a0 los\u00a0 Prestadores\u00a0 gastronomicos,<br \/>\na los artesanos\u00a0 y Vecinos,\u00a0 a los comercios en general\u00a0 de<br \/>\nVilla Ventana, Sierra de la Ventana, Saldungaray, Tornquist,<br \/>\ny\u00a0 Bahia Blanca,\u00a0 que\u00a0 con\u00a0 su aporte\u00a0 en la adquisicion\u00a0 del<br \/>\nBono contribucion y\u00a0 Afiche, hicieron\u00a0 posible presentar\u00a0 tan<br \/>\ndigno espectaculo.<br \/>\n&#8211;A la Camara de Comercio y Turismo\u00a0 de Villa Ventana, por<br \/>\nsu\u00a0 acompa\u00f1amiento.<br \/>\n&#8211;A la Coop. Electrica Ltda de Tornquist,\u00a0 por\u00a0 poner\u00a0 a dispo<br \/>\nsicion la energia necesaria.<br \/>\n&#8211;Al Tte. Patricio R. Killan, y a todo su personal por\u00a0 el cuida<br \/>\ndo y la colaboracion recibida.<br \/>\n&#8211;A nuestro querido Socio y Vecino, Don Jorge J. Neuss, por<br \/>\nsu colaboracion con la donacion de una vaquillona.<br \/>\n&#8211;Al querido Tito, encargado de\u00a0 todo lo concerniente a\u00a0 la fin<br \/>\nca Cerro Colorado por su inestimable ayuda.<br \/>\n&#8211;A nuestra querida socian\u00a0 y\u00a0 colaboradora, Sra.Silvia P. de<br \/>\nClair, que\u00a0 con\u00a0 su\u00a0 experiencia\u00a0 y\u00a0 calidad,\u00a0 hizo que el de<br \/>\nsarrollo del escenario fuera brillante.<br \/>\n&#8211;A todos los que hicieron posible que el espectaculo luciera<br \/>\nen toda su dimension, Locutor oficial Sr. Oscar Kaltenbach,<br \/>\nLocutores, Osvaldo Fernandez, Lorena Urban\u00a0 y\u00a0 Diego Ses<br \/>\nma.<br \/>\n&#8211;A los artistas que ofrecieron su\u00a0 presentacion sin cobrar ca<br \/>\nchet, a ellos nuestro agradecimiento.<br \/>\n<strong><span style=\"color: #0000ff;\">&#8211;Al Sr. Jorge Perez, que volvio a operar\u00a0 como Director\u00a0 Jefe<br \/>\nde Radioaficionados con su onda LU6DKT, realizando 180<br \/>\ncontactos\u00a0 a\u00a0 nivel\u00a0 Nacional\u00a0 e\u00a0 Internacional, para\u00a0 el y su<br \/>\ncolaborador LU8EAD Carlos, nuestro sincero agradecimiento.<\/span><\/strong><br \/>\n&#8211;A los esposos Salerno-Willich,Sosa-Orler, Gallardo-Oxaran<br \/>\nque con su\u00a0 capacidad\u00a0 de\u00a0 trabajo nos ense\u00f1an\u00a0 todos\u00a0 los<br \/>\na\u00f1os a superarnos en el nuestro.<br \/>\n&#8211;A todos nuestros miembros de la Comision, que de\u00a0 una u<br \/>\notra manera dejaron\u00a0 sus actividades\u00a0 para\u00a0 acompa\u00f1arnos<br \/>\nen esta nueva emision, es un orgullo este\u00a0 equipo\u00a0 que\u00a0 se<br \/>\nha conformado a traves de el esfuerzo,\u00a0 espiritu\u00a0 y\u00a0 solidari<br \/>\ndad, juntos trabajan, luchan y crean metas a las que se lle<br \/>\nga con la perfecta lucidez, de los que\u00a0 saben que\u00a0 van\u00a0 por<br \/>\nel camino correcto, a todos ellos un apretado abrazo.<\/p>\n<p>Nuestra Plaza Salerno se vio desbordada ante la\u00a0 oficial\u00a0 con<br \/>\ncurrencia de aprox. 12.000 personas en los dos dias,que can<br \/>\ntaron y bailaron al son de las bandas y actuaciones de\u00a0 solis<br \/>\ntas que levantaron ese espiritu de festival, donde se mezclan<br \/>\nel folklore, el tango, el rock y la musica autoctona.-<br \/>\nGracias a\u00a0 todos\u00a0 aquellos\u00a0 que\u00a0 fervorosamente\u00a0 concurrieron<br \/>\npara apoyar a nuestra Institucion,\u00a0 que trabaja\u00a0 para\u00a0 esta fies<br \/>\nta con vocacion y esmero.<\/p>\n<p>AUN REVOLOTEAN LAS GOLONDRINAS, prontito se alejaran<br \/>\npero\u00a0 han dejado, una alegria, un\u00a0 fervor, una\u00a0 plaza\u00a0 vacia\u00a0 pero<br \/>\nllena de recuerdos de\u00a0 fiesta\u00a0 inigualable de calor humano, com<br \/>\nparable con la amistad, nos\u00a0 vamos pero\u00a0 nos\u00a0 quedamos traba<br \/>\njando ya\u00a0 para\u00a0 la\u00a0 proxima\u00a0 edicion, en\u00a0 que\u00a0 volveremos\u00a0 llenos<br \/>\nde\u00a0 afecto, de t rabajo y\u00a0 perseverancia, para\u00a0 mejorar todo todo<br \/>\nlo que no\u00a0 se\u00a0 consumo\u00a0 como pensabamos, estamos\u00a0 trabajan<br \/>\ndo\u00a0 vamos\u00a0 por mas&#8230;&#8230;.Avanti\u00a0 Asoc. de\u00a0 Fomento\u00a0 y\u00a0 todo\u00a0 su<br \/>\nbagaje de sue\u00f1os y esperanzas.<\/p>\n<p>Y&#8230;.perdon si nos quedo alguien en el camino, no es olvido, es<br \/>\nque los queremos\u00a0 volver a\u00a0 encontrar para abrazarlos y agrade<br \/>\ncerle&#8230;.<\/p>\n<p>Con afecto, COMISION DIRECTIVA<\/p>\n<p><span style=\"color: #ff0000;\">[adsenseyu1]<\/span><\/p>\n","protected":false},"excerpt":{"rendered":"<p>TX desde Villa ventana en su 66\u00b0 Aniversario de su Fundaci\u00f3n para RC LU7DZV. \u00a0 Historia del\u00a0D\u00eda\u00a0de la TIERRA. La primera manifestaci\u00f3n tuvo lugar el 22 de abril de\u00a01970, promovida por el senador y activista ambiental\u00a0Gaylord Nelson, para la creaci\u00f3n de una agencia ambiental. En esta convocatoria participaron dos mil\u00a0universidades, diez mil escuelas primarias y [&hellip;]<\/p>\n","protected":false},"author":2,"featured_media":0,"parent":668,"menu_order":3,"comment_status":"closed","ping_status":"open","template":"","meta":[],"_links":{"self":[{"href":"https:\/\/www.lu6dkt.com.ar\/index.php?rest_route=\/wp\/v2\/pages\/1677"}],"collection":[{"href":"https:\/\/www.lu6dkt.com.ar\/index.php?rest_route=\/wp\/v2\/pages"}],"about":[{"href":"https:\/\/www.lu6dkt.com.ar\/index.php?rest_route=\/wp\/v2\/types\/page"}],"author":[{"embeddable":true,"href":"https:\/\/www.lu6dkt.com.ar\/index.php?rest_route=\/wp\/v2\/users\/2"}],"replies":[{"embeddable":true,"href":"https:\/\/www.lu6dkt.com.ar\/index.php?rest_route=%2Fwp%2Fv2%2Fcomments&post=1677"}],"version-history":[{"count":15,"href":"https:\/\/www.lu6dkt.com.ar\/index.php?rest_route=\/wp\/v2\/pages\/1677\/revisions"}],"predecessor-version":[{"id":1679,"href":"https:\/\/www.lu6dkt.com.ar\/index.php?rest_route=\/wp\/v2\/pages\/1677\/revisions\/1679"}],"up":[{"embeddable":true,"href":"https:\/\/www.lu6dkt.com.ar\/index.php?rest_route=\/wp\/v2\/pages\/668"}],"wp:attachment":[{"href":"https:\/\/www.lu6dkt.com.ar\/index.php?rest_route=%2Fwp%2Fv2%2Fmedia&parent=1677"}],"curies":[{"name":"wp","href":"https:\/\/api.w.org\/{rel}","templated":true}]}}