{"id":390,"date":"2011-05-21T14:44:17","date_gmt":"2011-05-21T17:44:17","guid":{"rendered":"http:\/\/lu6dkt.com.ar\/?page_id=390"},"modified":"2012-09-12T11:37:26","modified_gmt":"2012-09-12T14:37:26","slug":"est-ferroviarias","status":"publish","type":"page","link":"https:\/\/www.lu6dkt.com.ar\/?page_id=390","title":{"rendered":"Est. Ferroviarias"},"content":{"rendered":"<div id=\"attachment_392\" style=\"width: 650px\" class=\"wp-caption alignleft\"><img aria-describedby=\"caption-attachment-392\" loading=\"lazy\" class=\"size-medium wp-image-392    \" title=\"QSL Rio Negro DEF\" src=\"https:\/\/www.lu6dkt.com.ar\/galeria\/data\/media\/4\/qsl-rio-negro-DEF1234.jpg\" alt=\"Cnel.Belisle, Darwin, Choele Choel, Chimpai\" width=\"640\" height=\"210\" \/><p id=\"caption-attachment-392\" class=\"wp-caption-text\">DEF: 01-v, 02-v, 03-v, y 04-v.  Activaci\u00f3n realizada para RC ARGENTINO (RCA) LU4AA, (Diploma estaciones ferroviarias), en la Provincia de R\u00edo Negro, en el Valle Medio. Operador: LU6DKT y colaboraci\u00f3n de Hector , familia y a los lugare\u00f1os  por  su aporte hist\u00f3rico.<\/p><\/div>\n<p><!--more--><!--more--><\/p>\n<div id=\"attachment_442\" style=\"width: 650px\" class=\"wp-caption alignleft\"><img aria-describedby=\"caption-attachment-442\" loading=\"lazy\" class=\"size-medium wp-image-442   \" title=\"Estacion Benitez\" src=\"https:\/\/www.lu6dkt.com.ar\/galeria\/data\/media\/9\/dscw0029.jpg\" alt=\"\" width=\"640\" height=\"480\" \/><p id=\"caption-attachment-442\" class=\"wp-caption-text\">DEF: 102-D. Activaci\u00f3n para LU4AA R.C.A (Diploma estaciones ferroviarias).Der. Lw6dxb-Kateto, med. Lu2evm-Victor,  Lw1dyn-Adrian, izq.ab. Lw5dad-Diego, fotografo Lu6dkt-Jorge. Agradezco a las familias que habitan en la Est. Benitez por su cordialidad y hospitalidad.<\/p><\/div>\n<p><!--more--><!--more--><\/p>\n<div id=\"attachment_456\" style=\"width: 650px\" class=\"wp-caption alignleft\"><img aria-describedby=\"caption-attachment-456\" loading=\"lazy\" class=\"size-medium wp-image-456   \" title=\"activ.e. benitez, Chivilcoi, museo\" src=\"https:\/\/www.lu6dkt.com.ar\/galeria\/data\/media\/9\/activacion-benitez-Chivilcoy-museo.jpg\" alt=\"\" width=\"640\" height=\"480\" \/><p id=\"caption-attachment-456\" class=\"wp-caption-text\">Al final de la tarea nos juntamos en RC Chivilcoy y degustamos riqu\u00edsimos chori panes. Gracias por tuti a la muchachada del LU8DA!!!<\/p><\/div>\n","protected":false},"excerpt":{"rendered":"","protected":false},"author":2,"featured_media":0,"parent":39,"menu_order":3,"comment_status":"closed","ping_status":"open","template":"","meta":[],"_links":{"self":[{"href":"https:\/\/www.lu6dkt.com.ar\/index.php?rest_route=\/wp\/v2\/pages\/390"}],"collection":[{"href":"https:\/\/www.lu6dkt.com.ar\/index.php?rest_route=\/wp\/v2\/pages"}],"about":[{"href":"https:\/\/www.lu6dkt.com.ar\/index.php?rest_route=\/wp\/v2\/types\/page"}],"author":[{"embeddable":true,"href":"https:\/\/www.lu6dkt.com.ar\/index.php?rest_route=\/wp\/v2\/users\/2"}],"replies":[{"embeddable":true,"href":"https:\/\/www.lu6dkt.com.ar\/index.php?rest_route=%2Fwp%2Fv2%2Fcomments&post=390"}],"version-history":[{"count":20,"href":"https:\/\/www.lu6dkt.com.ar\/index.php?rest_route=\/wp\/v2\/pages\/390\/revisions"}],"predecessor-version":[{"id":393,"href":"https:\/\/www.lu6dkt.com.ar\/index.php?rest_route=\/wp\/v2\/pages\/390\/revisions\/393"}],"up":[{"embeddable":true,"href":"https:\/\/www.lu6dkt.com.ar\/index.php?rest_route=\/wp\/v2\/pages\/39"}],"wp:attachment":[{"href":"https:\/\/www.lu6dkt.com.ar\/index.php?rest_route=%2Fwp%2Fv2%2Fmedia&parent=390"}],"curies":[{"name":"wp","href":"https:\/\/api.w.org\/{rel}","templated":true}]}}