{"id":922,"date":"2011-06-16T20:26:54","date_gmt":"2011-06-16T23:26:54","guid":{"rendered":"http:\/\/lu6dkt.com.ar\/?page_id=922"},"modified":"2011-08-05T19:41:41","modified_gmt":"2011-08-05T22:41:41","slug":"plegaria","status":"publish","type":"page","link":"https:\/\/www.lu6dkt.com.ar\/?page_id=922","title":{"rendered":"Reflexiones"},"content":{"rendered":"<h2><a href=\"https:\/\/www.lu6dkt.com.ar\/wp-content\/uploads\/2011\/06\/Oracion-del-Radio-Aficionado.doc\">Oracion del Radio Aficionado<\/a><\/h2>\n<h2><strong><em>Patrono de la Radio\u00a0Afici\u00f3n\u00a0SP3RN \u00a0San\u00a0MAXIMILIANO\u00a0KOLBE.<\/em><\/strong><\/h2>\n<p>&#8211; El d\u00eda 14 de Agosto, es la festividad de San Maximiliano Mar\u00eda Kolbe Dabrowska, patrono de los Radioaficionados, en conmemoraci\u00f3n de la fecha de su muerte.<\/p>\n<h3>San Maximiliano Mar\u00eda Kolbe (SP3RN)<\/h3>\n<p>En 1930, el padre franciscano Maximiliano Mar\u00eda Kolbe, abandon\u00f3 Polonia para Jap\u00f3n, China y la India, donde organiz\u00f3 monasterios.\u00a0Cuando en Jap\u00f3n, el padre Kolbe se relacion\u00f3 con una red de peque\u00f1as emisoras de radio.\u00a0Como complemento de un gran n\u00famero de peri\u00f3dicos religiosos que se estaba publicando en Polonia y en el extranjero en ese momento, decidi\u00f3 iniciar una estaci\u00f3n de radio como un\u00a0<strong>nuevo medio <\/strong>.\u00a0En 1930, se solicit\u00f3 un\u00a0<strong>radio de\u00a0licencia de emisi\u00f3n <\/strong>de Polonia.Sin embargo, s\u00f3lo el polaco de Varsovia Radio (1925) y una estaci\u00f3n de radio militar celebrado licencias exclusivas de radio en ese momento.\u00a0Receptores de radio se les permit\u00eda ser propiedad de permiso a principios de 1924.<\/p>\n<p>En 1936, el padre Maximiliano Mar\u00eda Kolbe, fue llamado de nuevo, desde Jap\u00f3n hasta Polonia para gestionar Niepokalan\u00f3w, el monasterio m\u00e1s grande despu\u00e9s cat\u00f3lica en el mundo.\u00a0Padre Maximiliano se refiri\u00f3 a la\u00a0<strong>radio nacional de Polonia <\/strong>en dos ocasiones: el 08\/12\/1937 y el 02\/02\/1938.\u00a0Despu\u00e9s de su primer serm\u00f3n, el padre Maximiliano envi\u00f3 al hermano Manswet Marczewski a un curso de radio organizado por el\u00a0<strong>Club de Radio Amateur de Varsovia <\/strong>.\u00a0Debido a la constante presi\u00f3n ejercida sobre las autoridades gubernamentales y militares, una\u00a0<strong>licencia de radio para la prueba de difusi\u00f3n se public\u00f3 el 28\/10\/1938 <\/strong>.\u00a0Inmediatamente, las obras comenzaron en las instalaciones de radio (un edificio y una antena) en Niepokalan\u00f3w, y un transmisor fue construido por el \u00abWalter\u00bb Compa\u00f1\u00eda de Varsovia y actualizado en Niepokalan\u00f3w.<\/p>\n<p>A principios de\u00a0<strong>diciembre 1938 <\/strong>, una transmisi\u00f3n de prueba se escuch\u00f3 desde la estaci\u00f3n de cuya se\u00f1al de llamada se escrib\u00eda\u00a0<strong>Stacja Polska 3 Radio Niepokalan\u00f3w <\/strong>(\u00a0<strong>SP3RN <\/strong>).\u00a0Obviamente, una\u00a0<strong>licencia de aficionado se hab\u00eda publicado <\/strong>, aunque se desconoce a qui\u00e9n exactamente.\u00a0Padre Maximiliano hizo el discurso de primer anuncio en la radio.\u00a0La siguiente transmisi\u00f3n se emiti\u00f3 el domingo 11\/12\/1938.\u00a0Sin embargo, la licencia de emisi\u00f3n total no ha sido emitido antes del estallido de la Segunda Guerra Mundial.<\/p>\n<p><strong>Padre Maximiliano Mar\u00eda Kolbe <\/strong>(\u00a0<strong>SP3RN <\/strong>), nazi alem\u00e1n de concentraci\u00f3n de Auschwitz preso Campamento N \u00ba 16670, fue asesinado en Auschwitz despu\u00e9s de que \u00e9l se hab\u00eda ofrecido, el 29.07.1941, su la vida sustituye a otro recluso seleccionados para la muerte, Franciszek Gajowniczek, y llevado a la muerte en un b\u00fanker del hambre.\u00a0Fue un solo acto de sacrificio de ese tipo registrados en Auschwitz.\u00a0Falleci\u00f3 el 08\/14\/1941, asesinado por una inyecci\u00f3n letal de fenol.\u00a0Su cad\u00e1ver fue quemado en un horno crematorio el d\u00eda despu\u00e9s.\u00a0Sr. Gajowniczek muri\u00f3 en Polonia en 1995, a los 94 a\u00f1os.<\/p>\n<p><strong>Beatificado <\/strong>por el Papa Pablo VI el 10\/17\/1971.<br \/>\n<strong>Canonizaci\u00f3n <\/strong>de\u00a0<strong>San\u00a0Maksymilian <\/strong>ap\u00f3stol de la Consagraci\u00f3n a Mar\u00eda y declarado m\u00e1rtir de la caridad del Papa Juan Pablo II el 10.10.1982.\u00a0Considerado como un patr\u00f3n de los periodistas, las familias, los presos, el movimiento pro-vida y los dependientes qu\u00edmicos.<br \/>\n<strong>Patrono de operadores de radio aficionados <\/strong>.<\/p>\n<p><strong>\u00a9 Henryk Zwolski SP9JPA <\/strong><br \/>\nBasado en un art\u00edculo de \u00a9 Mariusz Piesniewski, con el permiso de la autora.<\/p>\n<p>(Texto tomado de la pagina de SP9JPA y su\u00a0traducci\u00f3n\u00a0al espa\u00f1ol\u00a0v\u00eda\u00a0traductor).<\/p>\n<div id=\"attachment_1226\" style=\"width: 145px\" class=\"wp-caption aligncenter\"><a href=\"https:\/\/www.lu6dkt.com.ar\/wp-content\/uploads\/2011\/06\/maxi-3.png\"><img aria-describedby=\"caption-attachment-1226\" loading=\"lazy\" class=\"size-full wp-image-1226\" title=\"Maximiliano Kolbes SP9RN\" src=\"https:\/\/www.lu6dkt.com.ar\/wp-content\/uploads\/2011\/06\/maxi-3.png\" alt=\"SP9RN\" width=\"135\" height=\"220\" \/><\/a><p id=\"caption-attachment-1226\" class=\"wp-caption-text\">Patrono de la radio afici\u00f3n, SP9RN<\/p><\/div>\n<p><strong><em><span style=\"color: #00ff00;\">\u00abNo hay mayor amor que dar la vida por sus amigos\u00bb (Juan 15,13).<\/span> <\/em><\/strong><\/p>\n<p><strong><br \/>\n<img src=\"http:\/\/www.ralat.com\/smkolbe\/smkolbe.com\/Biografia_files\/stroke_1.png\" alt=\"\" \/><img src=\"http:\/\/www.ralat.com\/smkolbe\/smkolbe.com\/Biografia_files\/stroke_2.png\" alt=\"\" \/><img src=\"http:\/\/www.ralat.com\/smkolbe\/smkolbe.com\/Biografia_files\/stroke_7.png\" alt=\"\" \/><\/strong><\/p>\n<p><object classid=\"clsid:d27cdb6e-ae6d-11cf-96b8-444553540000\" width=\"640\" height=\"390\" codebase=\"http:\/\/download.macromedia.com\/pub\/shockwave\/cabs\/flash\/swflash.cab#version=6,0,40,0\"><param name=\"allowFullScreen\" value=\"true\" \/><param name=\"allowScriptAccess\" value=\"always\" \/><param name=\"src\" value=\"http:\/\/www.youtube.com\/v\/BfMm43P6kUQ&amp;rel=0&amp;hl=en_US&amp;feature=player_embedded&amp;version=3\" \/><param name=\"allowfullscreen\" value=\"true\" \/><embed type=\"application\/x-shockwave-flash\" width=\"640\" height=\"390\" src=\"http:\/\/www.youtube.com\/v\/BfMm43P6kUQ&amp;rel=0&amp;hl=en_US&amp;feature=player_embedded&amp;version=3\" allowscriptaccess=\"always\" allowfullscreen=\"true\"><\/embed><\/object><\/p>\n","protected":false},"excerpt":{"rendered":"<p>Oracion del Radio Aficionado Patrono de la Radio\u00a0Afici\u00f3n\u00a0SP3RN \u00a0San\u00a0MAXIMILIANO\u00a0KOLBE. &#8211; El d\u00eda 14 de Agosto, es la festividad de San Maximiliano Mar\u00eda Kolbe Dabrowska, patrono de los Radioaficionados, en conmemoraci\u00f3n de la fecha de su muerte. San Maximiliano Mar\u00eda Kolbe (SP3RN) En 1930, el padre franciscano Maximiliano Mar\u00eda Kolbe, abandon\u00f3 Polonia para Jap\u00f3n, China y [&hellip;]<\/p>\n","protected":false},"author":2,"featured_media":0,"parent":25,"menu_order":1,"comment_status":"closed","ping_status":"open","template":"","meta":[],"_links":{"self":[{"href":"https:\/\/www.lu6dkt.com.ar\/index.php?rest_route=\/wp\/v2\/pages\/922"}],"collection":[{"href":"https:\/\/www.lu6dkt.com.ar\/index.php?rest_route=\/wp\/v2\/pages"}],"about":[{"href":"https:\/\/www.lu6dkt.com.ar\/index.php?rest_route=\/wp\/v2\/types\/page"}],"author":[{"embeddable":true,"href":"https:\/\/www.lu6dkt.com.ar\/index.php?rest_route=\/wp\/v2\/users\/2"}],"replies":[{"embeddable":true,"href":"https:\/\/www.lu6dkt.com.ar\/index.php?rest_route=%2Fwp%2Fv2%2Fcomments&post=922"}],"version-history":[{"count":17,"href":"https:\/\/www.lu6dkt.com.ar\/index.php?rest_route=\/wp\/v2\/pages\/922\/revisions"}],"predecessor-version":[{"id":1290,"href":"https:\/\/www.lu6dkt.com.ar\/index.php?rest_route=\/wp\/v2\/pages\/922\/revisions\/1290"}],"up":[{"embeddable":true,"href":"https:\/\/www.lu6dkt.com.ar\/index.php?rest_route=\/wp\/v2\/pages\/25"}],"wp:attachment":[{"href":"https:\/\/www.lu6dkt.com.ar\/index.php?rest_route=%2Fwp%2Fv2%2Fmedia&parent=922"}],"curies":[{"name":"wp","href":"https:\/\/api.w.org\/{rel}","templated":true}]}}